*x + 12, -3*r = 4*x - 19. What is o(r)?
-4
Let c(x) = 3*x**2 - 5. Let s(v) = -16*v**2 + v + 26. Let i(u) = -11*c(u) - 2*s(u). Suppose -2*g = -3 - 1. Determine i(g).
-5
Let a(x) be the first derivative of -x**4/4 + 4*x**3/3 + x**2 - 3*x - 1. Let k be (2 + -5)/((-6)/8). Suppose 8 = 5*f - 3*v, -v + 4*v + k = 4*f. Determine a(f).
5
Suppose d + 0*d + 4*b + 37 = 0, -d = -4*b + 13. Let w be 1/2 - d/10. Let f(i) = 1 + i + w + 1. Give f(0).
5
Let z(b) = 5*b + 1. Let v = -9 + 14. Suppose 3*k + 17 = 4*u, v*k + 15 = -3*u + 6. Give z(u).
11
Let y = 9 + -7. Let s(x) = -8*x**y + 3*x - 1 + 9*x**2 - 2*x. Determine s(3).
11
Let y(q) = -q**3 + 10*q**2 - 10*q + 11. Let s be y(9). Suppose l - s = 1. Let x(d) = -d**2 + 3. What is x(l)?
-6
Let j(x) = -8*x. Let f(r) = r**2 + 10*r + 9. Let g be f(-8). Let b = -3 - g. Suppose -b*k + 2 + 2 = 0. What is j(k)?
-8
Suppose 5*c + 2*g + 6 - 37 = 0, -2*g + 6 = 0. Let u(m) = m**2 - m + 1. Let d(o) = 5*o**2 - 10*o + 5. Let v(f) = d(f) - 4*u(f). Give v(c).
-4
Suppose 10 = -0*q + 2*q. Suppose -4*r + 2 = -q*r. Let k(p) = -p + 2. What is k(r)?
4
Suppose -w = 4*q + 3, w + w + 6 = 4*q. Let j(y) = y + 2 + q*y - 1. Suppose 5*o + 2*l - 4*l - 12 = 0, 5*o = -2*l + 8. Calculate j(o).
3
Let r(t) = 4*t + 2. Let a = -7 - -11. Let d be -3 - 0/(-1*a). Give r(d).
-10
Let x(b) be the second derivative of -b**3/2 - b**2 + b. Determine x(-2).
4
Let s(f) be the first derivative of f**4/4 + f**2/2 + f - 2. Suppose 4*v - 6*v - 4*l = -24, -3*v - 2*l + 16 = 0. Let i be (1 - (6 + -3)) + v. Calculate s(i).
1
Suppose 2 = -3*j + j. Let d(b) = 11*b**3 - 20*b**2 - 6*b - 20. Let v(x) = -4*x**3 + 7*x**2 + 2*x + 7. Let r(f) = -6*d(f) - 17*v(f). Calculate r(j).
-2
Suppose 1 = -3*r + 5*s - 0*s, -2*r + 2*s = 2. Let n = -8 - r. Let f(v) be the second derivative of -v**3/6 + v**2 - 9*v. Calculate f(n).
8
Let s(r) = 2*r - 1. Suppose -10 = -z - 8. Let l be s(z). Let v(p) = -p**2 + 2*p + 2. Give v(l).
-1
Let q(j) = -7*j + 6. Let t(g) = g - 1. Let l(x) = -q(x) - 6*t(x). Suppose -p = -2*p. Determine l(p).
0
Let j(w) = 36*w. Let x(t) = 7*t. Let p(a) = -2*j(a) + 11*x(a). Let f(z) = -6*z - 1. Let k(q) = 4*f(q) + 5*p(q). Determine k(3).
-1
Let w(k) = -k - 1. Let x(r) = 4*r + 18. Let i(v) = -3*w(v) - x(v). Give i(-10).
-5
Let h(z) = z**2 - z - 2. Let c(g) = -4*g + 36. Let b be c(8). Calculate h(b).
10
Let q(n) = 166 - 4*n**2 - 169 + 3*n**2 - 3*n. Give q(-2).
-1
Suppose 5*n + 14 = 24. Let b(g) be the third derivative of -1/60*g**5 + 0 - 1/24*g**4 + 0*g - 1/6*g**3 - 1/120*g**6 + n*g**2. Calculate b(-1).
0
Let c(a) = -a**3 - 6*a**2 - 6*a - 6. Let u(r) = -r**3 + 4*r**2 - 2*r + 3. Let b be u(4). Determine c(b).
-1
Suppose 3 = 2*o - 1. Let t(c) = 0 - o*c + c - 1. Determine t(0).
-1
Let m be 96/42 + 4/(-14). Let o(g) = -2 - 3*g**2 + g**3 - g + 0*g**2 + 2*g. Give o(m).
-4
Let s(w) = w**3 + w**2 - w + 14. Let h(d) = -d**3 - 2*d**2 + 2*d - 13. Let j(v) = 5*h(v) + 4*s(v). Give j(-7).
-2
Let a(o) be the third derivative of -o**5/20 - 3*o**4/8 + o**3/3 + 2*o**2. Let u(y) = -2*y**2 - 6*y + 1. Let c(f) = 5*a(f) - 7*u(f). Calculate c(-4).
-1
Let y(t) = t. Let f(x) = -7*x - 5. Let d(u) = -3*u - 2. Let o(v) = 5*d(v) - 2*f(v). Let r(z) = -o(z) - 2*y(z). Let a = -2 - -2. What is r(a)?
0
Let p(y) = -4 + 1 - 4*y**2 - 155*y + 153*y. Determine p(-2).
-15
Let y = 40 - 33. Let g(n) = -n**2 + 5*n + 7. Calculate g(y).
-7
Let d(n) be the third derivative of -n**4/24 + 19*n**3/6 - 3*n**2. Give d(0).
19
Let b(t) = -6*t**3 + 2*t**2 - 2*t + 1. Suppose -26 = -w - 3*w + 2*x, 3*w = 2*x + 22. Let y = w + -5. Let n be (-3)/(-9)*y*-3. Determine b(n).
-5
Suppose 0 = -n - 2*n + l, 0 = l. Let t(v) = -v - 7. Let g(k) = -k + 1. Let o(j) = 6*g(j) - t(j). Let m(a) = a - 3. Let h(i) = 9*m(i) + 2*o(i). Determine h(n).
-1
Let g(b) = -b**3 + b**2 - b + 1. Let j(x) = -7*x**3 + 7*x**2 - 8*x + 7. Let z(y) = 6*g(y) - j(y). Determine z(1).
1
Let c(u) = u**2 - u + 1. Let m(o) = 6*o**2 - 4*o + 4. Let d(b) = 5*c(b) - m(b). Let g(w) = -w - 25. Let y be g(-23). Determine d(y).
-1
Suppose 2*o = 3*o - 4. Suppose 12 = 3*r, o*t + 5*r = r + 24. Let u(g) be the first derivative of -g**4/4 + g**3 - g**2/2 - 15. Calculate u(t).
2
Let h(n) be the third derivative of 5/6*n**3 + 0*n - 1/60*n**5 - 7/24*n**4 + 0 + 2*n**2. Calculate h(-7).
5
Let m(a) = -a - 2. Let w be m(-2). Let l(k) = k**2 + k - 3. Calculate l(w).
-3
Let o(c) = -4*c**3 - c**2. Let s be (4 + -2)*(-4)/(-8). Let m be (s/4)/((-4)/(-16)). Let h be 2 - m - (-3 - -5). Calculate o(h).
3
Let t(i) = 0 - i**3 - 3*i**2 - i**2 - 4*i - 2. Suppose 2*j + 2 = -5*u + 3, -9 = 5*j + u. Calculate t(j).
-2
Suppose -3*x + 2*v = -18, -3*v - 10 = -4*x - 5*v. Let j = 2 - x. Let q(d) be the first derivative of -d**2/2 - 8. Give q(j).
2
Suppose -4*p = 5*k + 40, -2*k - 21 = 2*k + p. Let v be (-10)/(-4) - (-2)/k. Suppose 0 = -v*y + 5 - 1. Let l(n) = -n**3 + 2*n**2 - 2*n - 2. Calculate l(y).
-6
Let w(t) = -t**2 + 5*t + 8. Let h be w(6). Let j(c) = -4*c - 2 - c**3 + c**2 - 6*c**h - 1. What is j(-4)?
-3
Let w = -9 + 15. Let y(p) = 6 - p**3 - 2 - w*p + 1 + 2*p**3 - 5*p**2. Let a be y(6). Let r(u) = -u**2 + 4*u + 5. Give r(a).
0
Let f(g) be the first derivative of 3*g**2/2 + 2*g + 1. Let v(q) = -3 + 2*q - 3*q + 0 - 3*q. Let l(s) = -7*f(s) - 5*v(s). Determine l(5).
-4
Let f(z) = -z**3 - 2*z**2 + 5*z + 2. Suppose 0 = -3*w + 4*a - 17 - 4, -w + 3*a - 12 = 0. Give f(w).
-4
Let g(p) = 3*p + 2*p + 5 - 4*p. Determine g(4).
9
Let o(h) = 4*h**3 - 2*h**2 - 2*h + 9. Let g(d) = -3*d**3 + d**2 + 2*d - 8. Let z(c) = -5*g(c) - 4*o(c). Let n be 15/6 - (-1)/2. Determine z(n).
-2
Let x(o) be the third derivative of -o**8/20160 - o**7/1008 + o**5/20 + 4*o**2. Let d(r) be the third derivative of x(r). Determine d(-5).
0
Let c(i) = 3*i**3 + 5*i**2 - i + 2. Let l(x) = -5*x**3 - 6*x**2 + 2*x - 2. Let v(b) = -3*c(b) - 2*l(b). What is v(3)?
-5
Let t(q) be the first derivative of q + 5 - 1/3*q**3 - 3*q**2. Give t(-5).
6
Suppose 0 = -5*b + 15, 0 = -5*x - 4*b + 12 + 15. Let p(q) = -3*q - 2 + x*q - 4*q**2 + q**3. Suppose 0 = -g + 38 - 34. Calculate p(g).
-2
Let y(t) = -t**2 + t - 2. Suppose 5*z - 63 + 23 = 0. Suppose z*x - 8 = 4*x. Give y(x).
-4
Let g(d) = d + 10*d - 10*d - 6*d**2. Determine g(-1).
-7
Let u(c) be the third derivative of -1/120*c**6 + 1/12*c**4 + 2*c**2 + 1/2*c**3 - 1/30*c**5 + 0*c + 0. Let f be (-2 + -1)*(-1 - -2). Determine u(f).
6
Let r(v) = -4 + 2*v + 0 + 8. Suppose -8 = -3*i + 4. Suppose 16 = -2*q - 2*j, -4*j + 13 = -q - i*q. Determine r(q).
-6
Let a(g) = -g + 3. Let c = 83 - 91. Determine a(c).
11
Let j(d) = d**2 + d - 1. Let p(k) = -8*k**2 - 3*k + 9. Let h(w) = -6*j(w) - p(w). Let z(i) = -2*i + 2*i - 3 + 1 + i. Let g be z(5). Calculate h(g).
6
Let y(b) = 3*b - 7. Let f(g) = -13*g + 29. Let m(o) = -2*f(o) - 9*y(o). What is m(11)?
-6
Let n(a) = 2*a - 3. Let g(t) = 4*t**2 + 4*t - 6. Let c(o) = -5*o**2 - 5*o + 5. Let i(k) = 3*c(k) + 4*g(k). Let s be i(-4). What is n(s)?
3
Let y(l) be the second derivative of -l**4/12 + 2*l**3/3 + l**2/2 - 8*l. What is y(5)?
-4
Let x(f) = 3 - f - 11 + 2*f. Let j be x(7). Let g(p) = 2*p + 1. What is g(j)?
-1
Let g(a) = -a + 2. Suppose 2*z = -z + 3. Let p be 1 - (-3)/3 - z. Let q be (p + 3)*2/4. Give g(q).
0
Let v(p) = p - 1. Let s be (-14 - -10)/(1/(6/(-4))). What is v(s)?
5
Let f(o) = o**3 + 7*o**2 - o - 6. Let c = -19 - -12. What is f(c)?
1
Let a(p) = 3*p**2 - 6*p + 4. Let y(g) = g**2 - 2*g + 1. Let s(n) = 3*a(n) - 8*y(n). What is s(3)?
7
Let i be (-1 + 0)*((-9 - -4) + -2). Let k(t) = t - 7. Give k(i).
0
Let m(k) = -k**2 + 3*k + 2. Let r = 51 + -46. Calculate m(r).
-8
Suppose 15 = 8*o - 3*o. Let f(n) be the second derivative of -3*n**2 + 0*n**o + 0 + 1/20*n**5 - 5/12*n**4 + 4*n. Calculate f(5).
-6
Let x(q) = -25*q - 268. Let l be x(-11). Let i(t) = -t. Let a(u) = -6*u + 4. Let r(g) = 2*a(g) - 10*i(g). Calculate r(l).
-6
Let u(v) be the second derivative of -v**3/6 - 3*v**2/2 + 10*v. Calculate u(-5).
2
Let u be 2/11 + 168/44. Let d(k) = -k**2 + 4*k + 2. Let s be d(u). Suppose -a = -s*a. Let z(b) = -b**2 - b - 5. Give z(a).
-5
Let w(z) be the third derivative of -z**7/2520 + z**6/120 - z**5/20 - z**2. Let i(q) be the third derivative of w(q). What is i(4)?
-2
Let u(i) = -10*i**3 - 1. Suppose -v + 3*v + 1 = 3*h, 4*h - 2*v = 0. Calculate u(h).
9
Let c(m) = m. Let l(t) = -t - 7. Let n(k) = 2*c